ase 13.
0
3 (base 9) to base 4
3
-1200 (base 3) to base 2
-101101
4 (base 9) to base 11
4
Convert -147 (base 10) to base 4.
-2103
Convert 7 (base 16) to base 4.
13
What is -3 (base 10) in base 12?
-3
What is 4 (base 12) in base 16?
4
-445 (base 8) to base 13
-197
1111 (base 2) to base 12
13
What is -1 (base 8) in base 16?
-1
What is 1 (base 12) in base 5?
1
Convert -10 (base 6) to base 14.
-6
What is b5 (base 14) in base 5?
1114
Convert -11101011 (base 2) to base 13.
-151
What is 3 (base 7) in base 11?
3
What is -11110 (base 2) in base 14?
-22
60 (base 12) to base 9
80
Convert 110 (base 7) to base 12.
48
What is 101 (base 3) in base 5?
20
What is 151 (base 9) in base 8?
177
Convert -2 (base 6) to base 8.
-2
What is 27 (base 15) in base 2?
100101
Convert 111100 (base 2) to base 8.
74
What is -1 (base 12) in base 11?
-1
What is 2 (base 5) in base 16?
2
277 (base 8) to base 11
164
-1 (base 11) to base 12
-1
Convert 102202 (base 3) to base 4.
10331
What is -21 (base 5) in base 12?
-b
What is 103 (base 10) in base 9?
124
-12 (base 3) to base 4
-11
Convert -1011 (base 3) to base 11.
-29
Convert -9 (base 12) to base 5.
-14
What is -98 (base 14) in base 13?
-a4
Convert 10 (base 3) to base 15.
3
Convert -531 (base 7) to base 13.
-177
Convert 2 (base 10) to base 14.
2
254 (base 11) to base 6
1221
Convert 13 (base 9) to base 7.
15
Convert 33 (base 16) to base 10.
51
What is 10 (base 5) in base 4?
11
What is -3 (base 13) in base 4?
-3
Convert -1 (base 6) to base 7.
-1
234 (base 5) to base 4
1011
Convert -10 (base 16) to base 12.
-14
2e (base 15) to base 11
40
What is 15 (base 9) in base 3?
112
What is -10 (base 3) in base 9?
-3
What is 12 (base 13) in base 8?
17
12 (base 4) to base 13
6
What is 2 (base 8) in base 4?
2
Convert 210 (base 3) to base 6.
33
Convert 9 (base 12) to base 9.
10
Convert 5 (base 16) to base 6.
5
What is 101 (base 5) in base 3?
222
What is -11 (base 10) in base 11?
-10
Convert 1120 (base 3) to base 13.
33
-22 (base 15) to base 4
-200
What is 1 (base 8) in base 13?
1
Convert -232 (base 9) to base 5.
-1231
Convert 11 (base 4) to base 16.
5
-6 (base 7) to base 4
-12
Convert 0 (base 10) to base 8.
0
0 (base 3) to base 10
0
Convert 1101 (base 2) to base 8.
15
5 (base 10) to base 15
5
Convert -5 (base 11) to base 10.
-5
What is -12 (base 9) in base 15?
-b
Convert 4 (base 7) to base 12.
4
What is -11 (base 9) in base 2?
-1010
What is 201 (base 8) in base 15?
89
What is 5 (base 6) in base 14?
5
Convert 1100101 (base 2) to base 12.
85
-43 (base 6) to base 12
-23
-2 (base 7) to base 13
-2
Convert -2020 (base 3) to base 15.
-40
Convert 190 (base 10) to base 6.
514
169 (base 15) to base 12
230
21 (base 3) to base 2
111
What is -b (base 12) in base 3?
-102
Convert 21 (base 6) to base 3.
111
Convert -26 (base 7) to base 13.
-17
Convert 2 (base 4) to base 16.
2
-1 (base 11) to base 16
-1
3a (base 16) to base 2
111010
Convert 12 (base 5) to base 11.
7
Convert 3 (base 4) to base 16.
3
Convert 33 (base 9) to base 6.
50
What is -1 (base 13) in base 16?
-1
Convert -4 (base 11) to base 2.
-100
0 (base 8) to base 12
0
What is -1112 (base 4) in base 14?
-62
9 (base 10) to base 8
11
-17 (base 11) to base 12
-16
What is -4 (base 14) in base 8?
-4
-13 (base 6) to base 7
-12
What is -224 (base 5) in base 12?
-54
What is -152 (base 13) in base 8?
-354
Convert 0 (base 5) to base 14.
0
18 (base 11) to base 9
21
What is -11 (base 13) in base 11?
-13
What is 46 (base 13) in base 8?
72
What is -1 (base 16) in base 6?
-1
What is 11010 (base 2) in base 6?
42
Convert 1 (base 7) to base 9.
1
What is -121 (base 3) in base 16?
-10
What is -2002 (base 3) in base 8?
-70
Convert 4 (base 8) to base 10.
4
Convert -12 (base 5) to base 8.
-7
-34 (base 7) to base 9
-27
4 (base 16) to base 8
4
Convert -2 (base 6) to base 4.
-2
Convert -334 (base 8) to base 3.
-22011
What is -11101 (base 2) in base 14?
-21
-3 (base 10) to base 13
-3
100111 (base 3) to base 11
213
Convert c9 (base 16) to base 2.
11001001
Convert 180 (base 13) to base 6.
1133
21 (base 7) to base 2
1111
What is 24 (base 14) in base 12?
28
Convert -111 (base 2) to base 14.
-7
Convert -1000 (base 2) to base 4.
-20
Convert -5 (base 10) to base 11.
-5
13 (base 6) to base 13
9
Convert -35 (base 13) to base 3.
-1122
What is 2 (base 12) in base 15?
2
What is 5 (base 12) in base 11?
5
What is 114 (base 8) in base 4?
1030
What is -2 (base 15) in base 2?
-10
What is -8 (base 12) in base 3?
-22
4 (base 11) to base 14
4
Convert b0 (base 13) to base 5.
1033
What is -2 (base 11) in base 12?
-2
What is 0 (base 4) in base 9?
0
1010100 (base 2) to base 13
66
What is 37 (base 10) in base 8?
45
51 (base 7) to base 11
33
Convert 0 (base 7) to base 12.
0
Convert -2 (base 16) to base 5.
-2
Convert 22 (base 12) to base 2.
11010
-15 (base 11) to base 16
-10
What is -1 (base 5) in base 8?
-1
What is -100000 (base 2) in base 12?
-28
Convert 0 (base 12) to base 4.
0
What is -41 (base 8) in base 7?
-45
Convert -115 (base 13) to base 14.
-d5
What is 3 (base 11) in base 3?
10
358 (base 10) to base 5
2413
Convert -4b (base 13) to base 16.
-3f
Convert 94 (base 10) to base 8.
136
Convert 12 (base 3) to base 8.
5
What is -11 (base 7) in base 5?
-13
Convert 2 (base 15) to base 4.
2
101 (base 16) to base 14
145
What is -1222 (base 3) in base 10?
-53
Convert -15 (base 8) to base 6.
-21
What is 4 (base 9) in base 15?
4
90 (base 13) to base 15
7c
Convert 115 (base 7) to base 9.
67
-a (base 12) to base 3
-101
What is -166 (base 7) in base 6?
-241
What is -a (base 13) in base 2?
-1010
Convert -4 (base 8) to base 5.
-4
What is 6 (base 8) in base 14?
6
-4 (base 13) to base 15
-4
Convert 5 (base 6) to base 11.
5
-11210 (base 3) to base 11
-108
11 (base 2) to base 14
3
Convert 76 (base 8) to base 4.
332
Convert -10 (base 7) to base 12.
-7
-132 (base 4) to base 12
-26
What is -10100 (base 2) in base 15?
-15
-3 (base 12) to base 16
-3
5 (base 7) to base 6
5
What is 4 (base 11) in base 13?
4
What is 6 (base 7) in base 11?
6
10100 (base 2) to base 5
40
What is 23 (base 5) in base 11?
12
What is -100 (base 2) in base 16?
-4
What is 232 (base 6) in base 2?
1011100
Convert -1 (base 3) to base 11.
-1
What is -23 (base 10) in base 14?
-19
What is 5 (base 9) in base 14?
5
Convert 1 (base 8) to base 12.
1
What is 120 (base 3) in base 16?
f
33 (base 15) to base 13
39
-8a (base 13) to base 10
-114
Convert 45 (base 6) to base 14.
21
-11222 (base 3) to base 6
-342
-21 (base 4) to base 11
-9
-10 (base 3) to base 14
-3
Convert -1 (base 8) to base 4.
-1
Convert -143 (base 11) to base 14.
-c0
Convert -331 (base 4) to base 10.
-61
1c (base 16) to base 5
103
What is -53 (base 11) in base 14?
-42
Convert 2221 (base 3) to base 7.
142
Convert 31 (base 7) to base 14.
18
What is -7 (base 10) in base 6?
-11
-33 (base 4) to base 12
-13
-10 (base 7) to base 14
-7
Convert 3 (base 12) to base 9.
3
What is -12 (base 8) in base 15?
-a
302 (base 7) to base 16
95
Convert -12 (base 3) to base 2.
-101
2 (base 5) to base 8
2
-5 (base 6) to base 4
-11
1000 (base 4) to base 2
1000000
What is a8 (base 13) in base 2?
10001010
Convert 19 (base 14) to base 12.
1b
-114 (base 6) to base 3
-1201
Convert -4 (base 7) to base 4.
-10
0 (base 12) to base 7
0
Convert -104 (base 8) to base 15.
-48
Convert 26 (base 16) to base 15.
28
What is 5 (base 10) in base 3?
12
8 (base 13) to base 2
1000
10111 (base 3) to base 16
5e
-6 (base 9) to base 16
-6
a (base 16) to base 8
12
What is 102 (base 4) in base 6?
30
What is -2a (base 14) in base 3?
-1102
Convert 140 (base 5) to base 2.
101101
Convert 13 (base 4) to base 2.
111
Convert -6 (base 13) to base 3.
-20
What is -2 (base 6) in base 4?
-2
-5 (base 15) to base 16
-5
Convert -1 (base 5) to base 10.
-1
Convert 1102 (base 3) to base 7.
53
Convert 2 (base 10) to base 16.
2
What is -51 (base 9) in base 16?
-2e
What is -22 (base 9) in base 14?
-16
3 (base 6) to base 8
3
Convert -212 (base 5) to base 16.
-39
Convert 1c (base 15) to base 16.
1b
What is -3 (base 15) in base 12?
-3
-3 (base 13) to base 10
-3
What is 1 (base 2) in base 16?
1
What is 51 (base 8) in base 4?
221
What is b (base 14) in base 13?
b
4 (base 10) to base 8
4
What is 2 (base 15) in base 7?
2
Convert -32 (base 8) to base 12.
-22
Convert 16 (base 9) to base 15.
10
What is -5 (base 11) in base 3?
-12
Conv